d by y(-1)?
47
Let m(l) = -6*l + 22. Let n be m(-5). Let i(y) = -3*y + 36. Let d be i(11). Suppose -n = -d*a - 7. What is the remainder when 86 is divided by a?
11
Let z = -6 + 10. Let o = 778 + -761. What is the remainder when 3/((-113)/29 + z) is divided by o?
12
Suppose -1429 = -62*r - 4644 + 100183. Calculate the remainder when r is divided by 204.
136
Let o be (1 - 6/3)/(3/3). Let k(s) = -51*s**3 - 2*s**2 - s. Calculate the remainder when 171 is divided by k(o).
21
Suppose 150 = -25*h + 20*h. Let t(j) = j**3 + 9*j**2 - 9*j - 2. Let g be t(-10). Let i = g - h. What is the remainder when 34 is divided by i?
16
Let f be ((-162)/(-81))/((-1)/26). Let d = 259 + f. Calculate the remainder when d is divided by 35.
32
What is the remainder when (-1 + 10/6)/((-2)/(-441)) is divided by 71?
5
Let q(y) = -5*y + 39. Let x be q(8). Let w = 64 - x. Calculate the remainder when 387 is divided by w.
62
Let a = -70 - 31. Let n(f) = -20*f - 13. Let j be n(4). Let q = j - a. What is the remainder when 31 is divided by q?
7
Suppose -3072 = -10*b + 2*b. Let t = 397 - b. What is the remainder when 46 is divided by t?
7
Suppose -3*f - x = -95, -2*f - 68 = -4*f - 3*x. Let k = 59 + -56. Calculate the remainder when f is divided by k.
1
Let v = -4549 - -4627. Calculate the remainder when v is divided by 42.
36
Let f = 9 + 4. Let u(r) = -r**3 + 14*r**2 - 9*r - 47. Suppose -2*z = -4*z + 34. What is the remainder when z is divided by u(f)?
2
Let l be (-3)/(1/18*1). Let r = l - -94. Suppose -2*u = -4*z + 52, -3*z + 250 = u + 206. What is the remainder when r is divided by z?
12
Let p = -1 - -12. Suppose 10*w - 136 = -4*t, -555 = 5*t + 4*w - 657. Calculate the remainder when t is divided by p.
3
Suppose -6 = 11*g - 17. Suppose 4*x = 3*n - 718, 0 = -3*x + 2*x - g. Calculate the remainder when n is divided by 30.
28
Suppose -11*m - 12*m + 1670 = -13*m. What is the remainder when 318 is divided by m?
151
Let z = -300 + 301. Calculate the remainder when 16 is divided by (1 - z) + 15 + -4.
5
Suppose 215 + 358 = 14*n + 111. What is the remainder when 8876 is divided by n?
32
Let y be (0 + 0)/(-3 + 4). Suppose 4*u + b - 28 = y, 5*u + 0*b + 4*b = 24. Calculate the remainder when -8 - ((-7152)/192 + (-3)/4) is divided by u.
6
Suppose 1779 = -3*x + 2*z + 11972, -z = 2*x - 6800. Calculate the remainder when x is divided by 7.
4
Let m = 193 - 179. Suppose 22*z - 8136 = -m*z. What is the remainder when z is divided by 46?
42
What is the remainder when (-3)/((-9)/(-2))*(-101 + -73) is divided by 42?
32
Suppose 1544*o - 1617*o + 2044 = 0. What is the remainder when 362 is divided by o?
26
Let m(z) = -4*z + 19. Let f be m(-11). Let x = f + -48. Calculate the remainder when 109 is divided by (-218)/(-6) - (-10)/x.
35
Suppose 157*n - 155*n = p - 10, 5*n - 5 = 0. Suppose 2*w + 2*w + 888 = 4*f, 4*f = -2*w + 906. What is the remainder when f is divided by p?
9
Let u(l) = 10*l**2 + 20*l + 27. What is the remainder when u(-6) is divided by 12/(-10)*(-405)/18?
24
Let g be -1 + (-6)/(-4) + (-1032)/(-48). Suppose 3*j - m - 22 = g, -m + 31 = 2*j. What is the remainder when 224 is divided by j?
14
Let n(x) = -x**3 + 12*x**2 - 19*x - 5. Let h be n(10). Calculate the remainder when 268 is divided by 51 + (2 - 4) + h.
52
Let y = 15 - 3. Let z(o) = -2*o - 4. Let r be z(1). What is the remainder when y is divided by (2/r)/(17/(-204))?
0
Let v = -371 + 647. Let z be (-6)/2*1 - (v - -6). Calculate the remainder when (-4)/(-14) + z/(-7) is divided by 13.
2
Let z(y) = -y**3 - 6*y**2 - 3*y + 4. Suppose 5*k = 5, -2*k = -6*b + 2*b + 138. Let w = -41 + b. What is the remainder when 61 is divided by z(w)?
17
Let t = 211 - 301. Let r = t - -94. Calculate the remainder when 55 is divided by r.
3
Suppose -3*r = -171 - 480. Suppose 227 + 37 = 6*a. Calculate the remainder when r is divided by 1/(-3 - (-3 + (-1)/a)).
41
Let p be 12/(-30)*(-3 - 2). Suppose p*o - 4*k = 0, -3*k + 7*k - 18 = -o. Let f(d) = 6*d + 12. What is the remainder when f(o) is divided by 13?
9
Let o = 5 - -14. Let f = 265 - 121. Suppose 11*d + f = 15*d. What is the remainder when d is divided by o?
17
Let p = 14 + -9. Suppose -x + w = 3*x - 603, p*x - 4*w = 751. Suppose -4*i + 29 = 4*l - x, 233 = 5*i - 3*l. Calculate the remainder when 228 is divided by i.
44
Let z = -12 + 69. Let f = 143 + -73. Suppose -3*q + k + f = q, -4*q + 66 = k. What is the remainder when z is divided by q?
6
Suppose 96 = -0*g - 8*g. Let l(c) = -c - 18. Let q be l(g). What is the remainder when (-6)/9 + 2/q*-131 is divided by 12?
7
Let x(k) = 18*k + 22. Let m be x(7). Suppose 4*z + 284 + m = 0. Calculate the remainder when 62 is divided by (-4)/18 + 584/z*-3.
14
Calculate the remainder when -5*64714/(-260) - 1/2 is divided by 39.
35
Let h be (-4)/(-6) + (20/(-3) - -9). Suppose -z = -h*z - 3*d + 97, 44 = z + 3*d. Calculate the remainder when z is divided by 7.
4
Suppose 6*q = 9*q - 6. Suppose 8 = q*u - 10. Let c = u - -41. Calculate the remainder when c is divided by 13.
11
Let t be -3 - -10 - (-1 - -4 - 1). Let n(q) = 18*q + 22. Let o be n(t). Suppose -4*p + 32 = -o. What is the remainder when 141 is divided by p?
33
What is the remainder when (-25)/(-8 - -3) + 65 is divided by -24*(1/2 + -1)?
10
Suppose -2*v + 6*o - o = -129, 0 = v - 2*o - 64. Suppose 270 = 2*b + b. Let t = b - v. Calculate the remainder when t is divided by 12.
4
Suppose 2*a = -4*r + 4, 4*a = -19*r + 14*r + 8. Suppose 4*o - o = -5*y + 136, y = a*o - 108. What is the remainder when o is divided by 11?
8
Suppose 0 = 4*b + 4*m - 26918 - 29858, -3*m - 56769 = -4*b. What is the remainder when b is divided by 28?
25
Suppose 0 = 4*k - 2*g - 2379 - 691, 4*k = -4*g + 3052. Calculate the remainder when k is divided by 8.
6
What is the remainder when (556/6)/(11*18/594) is divided by 31?
30
Suppose -4*z + 2*z + 2 = 0. Let l(s) = 90*s**3 - s**2 + 2*s - 1. Let k = -6125 + 6144. What is the remainder when l(z) is divided by k?
14
Let m be (2 - -1)*428*10/(-30). Let c = m - -841. What is the remainder when c is divided by 16?
13
Suppose -7 - 113 = 2*n. Let g = n + 44. Let s = 14 - g. Calculate the remainder when 88 is divided by s.
28
Let i(b) = 12*b**2 + b - 1. Let a be i(1). Suppose -56 = 4*j - a*j. Suppose -2*l = -2*o + 3*o - j, 5*l - 5 = 0. What is the remainder when 33 is divided by o?
3
Suppose -3*q = -x + 42, q = -x - 0*x + 22. What is the remainder when 856 is divided by x?
19
Suppose -3*h - 88 = 2*a - 227, -2*a = -h + 49. What is the remainder when h is divided by 36?
11
Suppose 0 = -m + 4*r + 2410, -5*m + 2*r = -14341 + 2417. What is the remainder when m is divided by 53?
50
Suppose 13*f - 304 = 330 + 5580. Calculate the remainder when f is divided by 80.
78
Suppose 10*b + 1085 = 5*d + 25, -1032 = -5*d - 4*b. Calculate the remainder when d is divided by 21.
19
Suppose 12*v - 232 = 20*v. Calculate the remainder when (29/v)/(2/(-26)) is divided by 3.
1
Calculate the remainder when 1799 is divided by 1 + 3 + (-19)/(608/(-5600)).
9
Let d(o) = o**2 + 4*o - 25. Let a(y) = 3*y - 6. Let u be a(3). What is the remainder when (3 - -45*u)/1 is divided by d(6)?
33
What is the remainder when (11/((-363)/22)*(-2358)/(-4))/(-3) is divided by 15?
11
Calculate the remainder when 17/187 + (-2040)/(-66) is divided by 15.
1
Let h = 7560 + -7516. What is the remainder when 1184 is divided by h?
40
Let s be 2 - (-3 + 2) - (-141 - 2). Let i = 184 - s. What is the remainder when 69 is divided by i?
31
Let c be (-2)/(-4) + (-14)/4. Let v(a) = 5*a + 5. Let k be v(c). Let d = k - -15. Calculate the remainder when 38 is divided by d.
3
Let w = -34 + 36. Suppose 0 = l, -3*x - l = w*l - 21. Let p(q) = q**3 + 15*q**2 - 22*q - 72. What is the remainder when p(-16) is divided by x?
3
Let s = -49 + 53. Suppose 3*o = -3*q - 159, 6 = s*q + 2. Let w = o + 70. Calculate the remainder when 29 is divided by w.
13
Let k(i) = -i**3 + 9*i**2 + 25*i - 3. Let z be -22*6/(-12)*1. Calculate the remainder when 74 is divided by k(z).
14
Suppose -4*x = -x - 30. Suppose 0 = 12*t - 1209 - 387. Suppose 131*w = t*w - 40. What is the remainder when w is divided by x?
0
Calculate the remainder when (9/108*4)/(-2 + 17975/8985) is divided by 60.
59
Let a = 13288 + -13149. Calculate the remainder when 990 is divided by a.
17
Suppose -3*p + 162 = 2*s - 270, 0 = -p